ppose -2*u + 4*n - 2 = 0, 3*u + 3 + 0 = 2*n. Calculate the remainder when 23 + (-1 - (-2 + u)) is divided by o.
12
Suppose -14*y + 11*y + 609 = 0. Calculate the remainder when y is divided by 51.
50
Suppose -2*a + 308 = -104. Suppose -2*k - a = -4*k. Suppose -5*o + q + 4 = -k, o - 25 = 2*q. Calculate the remainder when 83 is divided by o.
20
Let d = 191 + -107. Suppose 52 = 4*f - d. What is the remainder when f is divided by 23 + ((-180)/(-72))/((-1)/2)?
16
Let o(r) = -4*r - 16. Let p be o(6). Let z = p + 138. Calculate the remainder when z is divided by 25.
23
What is the remainder when 38 is divided by 9 + 184/44 - (-2)/(-11)?
12
Suppose 2*c + 78 = -0*h + 4*h, 3*c + 98 = 5*h. Suppose u - 79 + 23 = 0. Calculate the remainder when u is divided by h.
18
Suppose 3075 - 1188 = 17*r. What is the remainder when r is divided by 19?
16
Let b = -64 - -66. What is the remainder when 4 is divided by b?
0
Calculate the remainder when 281 is divided by 63 - (-8 - 6/3).
62
Let b = 26 - -320. Calculate the remainder when b is divided by 58.
56
Suppose 2*v + v - 12 = 0. Let q = -2 + v. Suppose -6 = q*x - 110. Calculate the remainder when x is divided by 18.
16
Suppose 2*d = 2*q - 4, 2*d + 4*q - 6 = 5*d. Let u be 0/(d/1) + -75. Let w = u + 108. Calculate the remainder when w is divided by 9.
6
Suppose 7*j - 20*j + 208 = 0. What is the remainder when j is divided by 13?
3
Suppose 3*y = -6, 66*a - 67*a - 5*y + 1080 = 0. Calculate the remainder when a is divided by 14.
12
Let g = -116 + 105. Let j(o) = -o**2 - 16*o - 15. What is the remainder when 118 is divided by j(g)?
38
Let w = 6 - 6. Let d(c) = c**2 - 2*c + 39. Calculate the remainder when d(w) is divided by 22.
17
Let z(v) = -3*v - 2. Let j = -1346 - -3269. What is the remainder when 16/(-72) + j/27 is divided by z(-9)?
21
Suppose -5*f = 4*y - 65, 4*f - 3*f = y - 23. What is the remainder when 113 is divided by y?
13
Suppose 118*c = 122*c + 80. Let g = 68 + c. Calculate the remainder when g is divided by 25.
23
Let l(g) = -2*g**2 - g + 9. Let z(f) = -f**2 - 2*f + 10. Let n(d) = -2*l(d) + 3*z(d). Calculate the remainder when 47 is divided by n(6).
23
Let c(r) = 29*r + 3. Suppose 9 = 5*b + 4. Calculate the remainder when c(b) is divided by 9.
5
Let d = -5 - -8. Suppose 7*t = d*t - 5*z + 86, 0 = -4*z - 8. Let i = t + -20. What is the remainder when 11 is divided by i?
3
Suppose 0 = -3*g - 2*z + 175, 8*g + z = 3*g + 301. Calculate the remainder when 122 is divided by g.
0
Suppose 12*u - u - 330 = 0. Calculate the remainder when (-2 - -2) + 0 + 148 is divided by u.
28
Let j(l) = 25*l**2. Let w = -40 - -28. What is the remainder when -1 + (-14)/w + (-8303)/(-114) is divided by j(1)?
23
Suppose -l + 8 = -2. Let w(p) = 2*p**2 + 12*p + 2. What is the remainder when w(-9) is divided by l?
6
Suppose 17*j - 22*j + 4*r + 127 = 0, 4*r = -12. What is the remainder when 181 is divided by j?
20
Let x(f) = -f**3 + 4*f**2 - 2*f + 1. Let m be x(3). Suppose 76 = m*t - 64. What is the remainder when t is divided by 12?
11
Suppose 5*s = 5*c + 5, 0*s + 2 = -2*s + 4*c. Suppose -4*o - 2*u + 380 = -4*u, -s*o = -4*u - 285. Calculate the remainder when o is divided by 12.
11
Let h = 45 - 7. Suppose 2*y + 2*z = h, 4*y - 56 = -0*y + z. Let f = 84 - 27. Calculate the remainder when f is divided by y.
12
Let u(h) = h**2 - 17*h + 2. Calculate the remainder when 99 is divided by u(18).
19
Let j = 3 + 3. Let v = -2482 + 2489. Calculate the remainder when v is divided by j.
1
Let q = 353 + -74. What is the remainder when q is divided by 94?
91
Let j = 7 - 7. Suppose -m - 17 = 3*k - 8, -5*m - k - 31 = j. Let w(h) = -h**3 - 6*h**2 - 6*h + 1. Calculate the remainder when w(m) is divided by 13.
11
Let d(s) = -74*s**3. Let i be d(1). What is the remainder when -1*6*i*1/6 is divided by 11?
8
Let u = -1113 + 1131. What is the remainder when u is divided by 13?
5
Let g(y) = y**2 + 8*y + 2. Let v be (-138)/15 - (76/20 - 4). Calculate the remainder when g(v) is divided by 6.
5
Let t = 96 - 59. Calculate the remainder when 182 is divided by t.
34
Let y(o) = o**2 + o. Let m(n) = n**3 + 14*n**2 - 5*n - 14. Let g(d) = -m(d) + 5*y(d). Calculate the remainder when 24 is divided by g(-10).
10
Suppose -b + 34 = b. Suppose -26*u = -25*u - b. Calculate the remainder when u is divided by 9.
8
Let x(c) be the second derivative of c**4/12 - 13*c**3/6 + 9*c**2 - 3*c. What is the remainder when 7 is divided by x(12)?
1
Let q = 1227 + -879. What is the remainder when q is divided by 59?
53
Suppose -3*u = -0 + 45. Let j(x) = -2*x - 5. What is the remainder when 2/5 + (-894)/u is divided by j(-13)?
18
Suppose 2*a - j = 4*j + 26, 0 = -4*a + 2*j + 20. Suppose 4 = f - 4*k + 10, -3*f + a*k + 18 = 0. What is the remainder when 29 is divided by f?
9
Suppose 3*g - 6*k + 146 = -2*k, -k + 47 = -g. Let y be 15/7 + 6/g. Suppose 5*u = 5*p - 2 + 32, 5*p = u - y. What is the remainder when 19 is divided by u?
5
Suppose 4*b - 5*g - 105 = -2*g, 9 = b + 5*g. Calculate the remainder when 70 is divided by b.
22
Let j(x) = 2*x**2 + 4*x + 85. What is the remainder when j(11) is divided by 63?
56
Let l = -4 + 6. Let z(o) = 8*o**2 + 1 + l*o + 0 - 2. Calculate the remainder when z(-2) is divided by 10.
7
Let z be ((-115)/(-46))/(1/2). Let o = z - -5. Calculate the remainder when 39 is divided by o.
9
Let q(s) = 5*s + 13. Let v be q(4). Suppose -6*o + 3*o = -v. Calculate the remainder when 37 is divided by o + 4 + -2 + -3.
7
Let i(t) = t**3 - 4*t**2 + 3*t - 3. Let v be i(2). Let b be (-2)/v - 14/35. Let f = b - -21. Calculate the remainder when f is divided by 11.
10
Let j(f) be the third derivative of 23*f**6/120 - f**5/30 - 4*f**2 + 5. Calculate the remainder when j(1) is divided by 5.
1
Suppose -2*p + x = 2 - 3, -x - 3 = -3*p. Suppose -10 = -n + p. Let a = 9 + 12. Calculate the remainder when a is divided by n.
9
Let f(j) = j**2 + 26*j + 75. Calculate the remainder when 179 is divided by f(-23).
5
Suppose -3*p - 7 = f, 5*f = -p - 1 - 6. What is the remainder when (-3)/(f - 0) + 4*14 is divided by 12?
11
What is the remainder when 2 + 83 + (-22)/(-22) is divided by 5?
1
Let t(y) = -y - 8. Let v be t(5). Let g = 17 + v. What is the remainder when 11/(3*g/12) is divided by 7?
4
Let k = 107 + -74. Let w = k - 17. Let x = 129 + -66. Calculate the remainder when x is divided by w.
15
Suppose -11*r + 10*r + 70 = v, 0 = 2*v - 10. Calculate the remainder when 193 is divided by r.
63
Let x(t) = 3*t. Let g be x(1). Suppose 204 = 9*m - g*m. What is the remainder when m is divided by 9?
7
What is the remainder when 414 is divided by (0/4 - 1)/(16/(-208))?
11
Let f(q) = -q + 130. Calculate the remainder when f(42) is divided by 9.
7
Let q be -6*(-5)/10 + 158. Let k = -121 + q. Calculate the remainder when k is divided by 21.
19
Suppose 3*f - 120 = 2*t - 3*t, 4*t + 144 = 4*f. Calculate the remainder when f is divided by 21.
18
Let l(w) = -4*w - w + 4 + 0*w. Suppose 107 = 5*n + 52. Calculate the remainder when l(-3) is divided by n.
8
Suppose 0*f - 28 = -4*f. Let h(q) = 10*q - 437. Calculate the remainder when h(45) is divided by f.
6
Let y(m) = m + 8. Let c be y(10). Suppose c = 2*o + 8. Suppose -24 = -q - o*g, -3*q + 2*g = -20 - 1. Calculate the remainder when 26 is divided by q.
8
Suppose -o + n + 4 = 3, 4*o + 3*n = 39. Suppose -3*m + o*m = 84. What is the remainder when m is divided by 10?
8
Suppose -2*f - 27 - 4 = -d, -4*d - 2*f + 84 = 0. Calculate the remainder when 17/34 - 181/(-2) is divided by d.
22
Let d(m) = -m**2 - 8*m - 9. Let r be d(-6). Suppose 0 = -2*x, -r*x - 12 = 3*v - 5*v. Suppose -v = 5*l - 41. Calculate the remainder when 27 is divided by l.
6
Let v be (-1)/(-2)*70/7. Suppose -r = 2*r - 12, -v*o - r = -154. What is the remainder when o is divided by 11?
8
Suppose -3*p + 0*k = k - 78, -3*p + 5*k + 60 = 0. Calculate the remainder when p is divided by 16.
9
Let q(p) = -p**3 + 10*p**2 + 6*p - 3. Suppose 4 + 43 = x. Calculate the remainder when q(7) is divided by x.
45
Let f = -91 + 80. Let t = 14 - f. What is the remainder when t is divided by 13?
12
Suppose -w - 29 = -3*r, -5*w - 65 = -5*r - 0*w. Suppose 0 = 6*d - 2*d + r. What is the remainder when 52 is divided by (d + 0)*54/(-4)?
25
Suppose 4*s - 2199 = 2505. Calculate the remainder when s is divided by 59.
55
Let i = -360 + 423. C